umber?
True
Is 93596339 prime?
False
Is 3550327 prime?
False
Is 1755541 a composite number?
True
Is 85005091 a composite number?
False
Is 18111359 a composite number?
True
Is 450117609 a composite number?
True
Is 198090449 a composite number?
False
Is 33397109 a prime number?
False
Is 1849319 a prime number?
True
Is 168931211 a prime number?
True
Is 6575029 a prime number?
True
Is 163207361 composite?
True
Is 263810123 prime?
True
Is 68429593 prime?
True
Is 60059669 prime?
False
Is 61703 composite?
False
Is 27291617 a prime number?
False
Is 58567697 prime?
False
Is 15204649 composite?
True
Is 49123717 composite?
False
Is 16756097 prime?
False
Is 64743479 a composite number?
True
Is 1753105 a prime number?
False
Is 54692999 a composite number?
True
Is 326335501 composite?
False
Is 15634403 composite?
True
Is 11997026 composite?
True
Is 110807 prime?
True
Is 30133357 prime?
True
Is 197827979 a composite number?
False
Is 16017403 a composite number?
False
Is 11235527 a prime number?
True
Is 58637501 prime?
False
Is 40191565 prime?
False
Is 246411419 prime?
True
Is 195208439 a composite number?
False
Is 10235409 a composite number?
True
Is 101179963 composite?
False
Is 421999 prime?
False
Is 430783 a composite number?
False
Is 7968329 prime?
False
Is 3085421 composite?
False
Is 15999047 a composite number?
False
Is 401743 prime?
True
Is 1351855 a prime number?
False
Is 840635 a composite number?
True
Is 16810931 prime?
True
Is 257947 a prime number?
True
Is 4319647 prime?
False
Is 766377746 a composite number?
True
Is 24719371 composite?
True
Is 12626737 composite?
True
Is 30861821 prime?
True
Is 82914437 a prime number?
False
Is 1418009 a composite number?
False
Is 1074319 a composite number?
True
Is 5956493 a composite number?
False
Is 490043 a prime number?
False
Is 17534563 composite?
False
Is 21034511 prime?
False
Is 1464461 composite?
False
Is 1143601 prime?
True
Is 2272327 prime?
False
Is 4339261 composite?
True
Is 2260977 prime?
False
Is 29103691 composite?
True
Is 7876643 composite?
False
Is 74925751 prime?
False
Is 114219361 composite?
True
Is 29238883 composite?
True
Is 30817977 composite?
True
Is 27844847 a composite number?
True
Is 935401 a prime number?
False
Is 43233521 a prime number?
True
Is 922319 composite?
True
Is 904054913 prime?
True
Is 4949839 a composite number?
True
Is 16391717 composite?
True
Is 4991383 prime?
True
Is 3402911 composite?
False
Is 1488073 prime?
True
Is 215195999 a composite number?
True
Is 11764653 a prime number?
False
Is 669229283 a prime number?
True
Is 919499 a prime number?
False
Is 262518977 a composite number?
True
Is 69142594 a prime number?
False
Is 73585399 a composite number?
True
Is 6870011 prime?
True
Is 27450911 prime?
True
Is 9548761 a composite number?
False
Is 281300847 a composite number?
True
Is 38430449 a prime number?
True
Is 18578057 prime?
False
Is 58968967 composite?
False
Is 1275107 a prime number?
True
Is 31400099 a prime number?
True
Is 90294079 prime?
False
Is 69601529 a prime number?
False
Is 2607743 prime?
True
Is 86536459 prime?
True
Is 11788957 a prime number?
True
Is 30907619 prime?
True
Is 126353207 a prime number?
True
Is 128169719 a composite number?
False
Is 214722169 a composite number?
True
Is 19510597 a prime number?
True
Is 320303 prime?
True
Is 6856573 prime?
True
Is 9728317 prime?
True
Is 22288641 a prime number?
False
Is 1089449 prime?
False
Is 11712119 composite?
False
Is 16568101 prime?
False
Is 8749163 prime?
True
Is 62293337 a prime number?
False
Is 19491429 composite?
True
Is 23869003 a prime number?
False
Is 165095831 a prime number?
False
Is 239135639 prime?
True
Is 8612119 prime?
True
Is 29877763 a composite number?
True
Is 2007443 a composite number?
True
Is 66135053 a composite number?
True
Is 1442509 prime?
True
Is 147682607 composite?
False
Is 869917 a prime number?
False
Is 182701573 prime?
True
Is 4267517 composite?
False
Is 115618951 a composite number?
True
Is 365845261 prime?
True
Is 1088369 a composite number?
True
Is 59140279 a prime number?
False
Is 3418661 composite?
False
Is 177369559 composite?
False
Is 7609517 prime?
False
Is 565150219 a prime number?
True
Is 13607389 a prime number?
True
Is 3239497 prime?
False
Is 11340353 composite?
True
Is 9668639 composite?
False
Is 4559279 a prime number?
True
Is 3690377 prime?
False
Is 170381 prime?
False
Is 24810887 prime?
True
Is 107163221 prime?
False
Is 55718603 a prime number?
True
Is 172086391 a composite number?
True
Is 524144809 a composite number?
False
Is 7829009 a composite number?
True
Is 46369 a composite number?
True
Is 23057941 a composite number?
False
Is 9709667 a composite number?
True
Is 348316313 prime?
False
Is 90961201 a prime number?
False
Is 176654 a composite number?
True
Is 3273559 composite?
True
Is 359414409 a prime number?
False
Is 69036529 prime?
True
Is 1448717 a composite number?
False
Is 19157 prime?
True
Is 17574983 composite?
False
Is 13720703 composite?
True
Is 6695387 a composite number?
True
Is 8320569 composite?
True
Is 313957 a composite number?
True
Is 92159 a composite number?
True
Is 3225181 a composite number?
False
Is 11977709 a composite number?
True
Is 221118263 composite?
False
Is 15479987 composite?
False
Is 25454479 prime?
False
Is 34543867 composite?
False
Is 20201945 prime?
False
Is 643787 prime?
False
Is 7234559 a prime number?
False
Is 14428573 a composite number?
True
Is 6691411 composite?
False
Is 27457 prime?
True
Is 23621441 composite?
True
Is 361952089 a composite number?
False
Is 591181 composite?
False
Is 5483587 composite?
False
Is 35065109 prime?
True
Is 80056729 composite?
False
Is 6557273 prime?
False
Is 2948482 prime?
False
Is 552611 prime?
True
Is 5374021 a prime number?
True
Is 1112047 a composite number?
False
Is 6078063 a prime number?
False
Is 436907 a prime number?
False
Is 1692617 a composite number?
True
Is 470651491 composite?
True
Is 5074709 prime?
True
Is 13149401 a composite number?
False
Is 198558681 prime?
False
Is 90147553 a composite number?
False
Is 5149661 composite?
True
Is 2294261 a composite number?
False
Is 1437437 a prime number?
False
Is 5363621 a prime number?
True
Is 60527629 a prime number?
True
Is 6917719 composite?
True
Is 216497 prime?
False
Is 23470822 prime?
False
Is 14281681 prime?
False
Is 43576853 a prime number?
False
Is 14320297 composite?
True
Is 4802333 a composite number?
False
Is 4027583 a composite number?
True
Is 448051 composite?
True
Is 2911121 a composite number?
True
Is 143609 a composite number?
False
Is 14017951 a prime number?
False
Is 7533233 a prime number?
False
Is 89306369 a composite number?
True
Is 3156091 a prime number?
True
Is 7507691 composite?
True
Is 63382829 prime?
True
Is 3278867 prime?
True
Is 32117653 prime?
False
Is 500447 a prime number?
False
Is 4260797 a composite number?
True
Is 57069113 a composite number?
False
Is 22777091 prime?
True
Is 68685377 prime?
False
Is 99791191 prime?
True
Is 4847257 composite?
False
Is 231700181 composite?
False
Is 1090829 prime?
False
Is 1537909 a composite number?
True
Is 12016481 a composite number?
False
Is 88540987 prime?
True
Is 207505907 prime?
False
Is 7050607 a prime number?
False
Is 11832329 prime?
True
Is 999549097 prime?
True
Is 86498063 composite?
True
Is 329288747 a prime number?
True
Is 244562411 a composite number?
True
Is 57364742 a prime number?
False
Is 1848407 composite?
True
Is 66392929 composite?
False
Is 40760465 a prime number?
False
Is 1311122 prime?
False
Is 61011269 a prime number?
False
Is 1264379 composite?
True
Is 3982637 a composite number?
True
Is 1934893 a prime number?
False
Is 69360197 prime?
True
Is 528119 a prime number?
False
Is 6377519 a composite number?
False
Is 10730219 a prime number?
True
Is 14971241 prime?
True
Is 3595271 prime?
True
Is 132311747 prime?
True
Is 2034283 prime?
True
Is 543187 a composite number?
False
Is 9272455 prime?
False
Is 2328319 a composite number?
True
Is 86261 prime?
False
Is 1994081 a prime number?
True
Is 36419153 prime?
True
Is 23842913 a prime number?
False
Is 70782823 prime?
False
Is 1842319 composite?
True
Is 1021693 prime?
False
Is 141231253 a composite number?
False
Is 289977331 a composite number?
True
Is 543454913 prime?
True
Is 16148705 prime?
False
Is 